ndreds digit of m?
7
Let r = 4295 - -10850. What is the hundreds digit of r?
1
Let f = -88 + 96. Let i be 108 + f/4*(-3)/(-6). Suppose -3*b + 3*r + 412 = i, 0 = 5*b - 4*r - 506. What is the units digit of b?
2
Suppose -4*k + 8 + 16 = 2*o, -12 = -o + 4*k. What is the hundreds digit of o/(-60) + (-9642)/(-10)?
9
Let h = -23902 + 34546. What is the units digit of h?
4
Let g(s) = s**3 + 7*s**2 + 5*s - 4. Suppose -3*q - b = 23, -5*b + 2 = -4*q + 3. Let p be g(q). Suppose k = p*k - 7. What is the units digit of k?
7
Let b be 0 - 1 - (-9 - (-9)/3). Suppose 0 = -b*w - 3*v + v + 9, 3*w - 5 = -v. What is the units digit of ((-44)/20 + w)/(2/(-135))?
1
What is the ten thousands digit of (76894/10)/((-64)/(-320))?
3
Let i(p) = -19*p - 14 - 55 + 18. What is the tens digit of i(-7)?
8
Let q(o) = 46*o**3 + 3*o**2 - 26*o + 13. Let t be q(3). Let l = -508 + t. What is the hundreds digit of l?
6
Let f = -4331 - -6273. What is the thousands digit of f?
1
Let m(o) = 3*o**2 + 28*o + 216. Suppose 5*u = -4*i + 9*i - 110, 2*u + 46 = 4*i. What is the units digit of m(u)?
1
Let u(j) = 4*j**2 - 8*j + 15. Let c(n) = -11*n**2 + 25*n - 44. Let o(m) = -3*c(m) - 8*u(m). Let l be o(10). What is the units digit of (l + 24 - 0) + 0?
6
Suppose -3*r = -u + 2*u - 21, 17 = 4*r + 5*u. Let b(i) = 24*i - 4. Let a be b(3). Suppose r*p - a = 7*p. What is the units digit of p?
8
Let m = 335 + -333. Suppose 335 + 333 = m*y. What is the hundreds digit of y?
3
Let v = 32 + -110. Let n = v - -98. Suppose -t - t + 334 = -j, -5*j = -n. What is the tens digit of t?
6
Suppose x - 10108 = 16*g, 9*x - 4*g - 50236 = 4*x. What is the thousands digit of x?
0
Suppose -126*j + 507313 = -1281761. What is the hundreds digit of j?
1
Let m(u) = 109*u**3 + 5*u - 2*u - 6*u + 4. What is the hundreds digit of m(1)?
1
Let l(t) = 3*t**2 - 93*t - 215. What is the units digit of l(-49)?
5
Let a be (4/2)/(-2) + 2. Let r be a + 136 + 2 + (-6 - -3). Suppose -4*v - 3*g + 273 = 0, -3*g + r = 2*v - g. What is the tens digit of v?
6
Let p = 49376 - 34823. What is the hundreds digit of p?
5
Let a = 4982 - -3111. What is the tens digit of a?
9
Let c = 8879 + 33. What is the tens digit of c?
1
Suppose -17 = 2*t + b, 5*b + 25 = -0*b. Let w be 1/(1*t/(-18)). Suppose -4*i + w*n + 1067 = 0, 2*i + 5*n + 551 = 4*i. What is the tens digit of i?
6
Suppose 17*s + 3885 - 15184 = 45260. What is the thousands digit of s?
3
Suppose 4*t = 7*t + z + 8, -t - 24 = -5*z. Let b be (t/(-7))/((-10)/(-70)). Suppose -b*r + 198 = 3*d - 327, 655 = 5*r + 5*d. What is the units digit of r?
2
Let t be ((80/(-56))/5)/((-1)/7). Suppose -c - 2709 = -4*i, -t*i - 2*i = -4*c - 2724. What is the tens digit of i?
7
Let x(a) = 15*a - 36. Let w be x(3). Let n(c) = -2*c**2 - 21*c - 4. Let v(u) = u**2 + 10*u + 2. Let h(d) = 6*n(d) + 13*v(d). What is the tens digit of h(w)?
1
What is the hundreds digit of 1*(-2)/((-4)/4214)?
1
Suppose -2*n - 2306 - 2149 = -15131. What is the units digit of n?
8
Let i(o) = -1351*o + 12. What is the tens digit of i(-1)?
6
Let v = -20 - -20. Let t be 125 - 3/(v + -3). Suppose -k = -4*u - t, -3*k + u = -2*u - 387. What is the hundreds digit of k?
1
Let q(b) be the third derivative of -b**4/24 + 8*b**2. Let n(j) = -12*j - 10. Let d(h) = -n(h) + 6*q(h). What is the units digit of d(5)?
0
Suppose -6*b - 31 = -7*b - 2*u, -4*b + u = -70. Let l(y) be the first derivative of y**4/4 - 6*y**3 - 2*y**2 - 31*y - 2. What is the hundreds digit of l(b)?
2
Let p be (-40)/(-10) - (0/(-3) - -1). Suppose 521 + 719 = p*f - 5*w, -5*w = -f + 410. What is the units digit of f?
5
Let v = 1170 + -1176. Let n(o) = o**3 - 6*o**2 - o - 1. Let h be n(5). Let a = v - h. What is the tens digit of a?
2
Let v be (-2)/(-5) - (-1 - 11040/25). Let u = 772 - v. What is the hundreds digit of u?
3
Suppose -i - 6481 = 3*v - 29539, 0 = 4*i. What is the tens digit of v?
8
Let l(r) = -r + 7. Let j be l(7). Let d(g) = 2*g**2 - g + 46. Let k be d(j). Suppose -x = s - k, -4*s = -x - 0*x - 174. What is the units digit of s?
4
Suppose 2*s = -2*l + 17362, -2699 = -s + 2*l + 5988. What is the thousands digit of s?
8
Suppose 63*z + 22372 + 122732 = 67*z. What is the tens digit of z?
7
Let f(y) = 83 + y**2 - y**3 + 16*y**2 + y - 85. What is the hundreds digit of f(15)?
4
Let g = 5 + -10. Let h(u) = -u**2 - 6*u - 4. Let j be h(g). What is the units digit of j/((-4)/(-535 + -1)) - 1?
3
Suppose -114*s + 399496 = -89*s - 275429. What is the tens digit of s?
9
Suppose 0*j - 3*k = -2*j - 129, 5*k = -4*j - 247. What is the units digit of 7/(j/(-6)) - 7063/(-21)?
7
Let v = 20412 + -13772. Let w be 3 - 8 - 770/(-10). What is the tens digit of v/w + 4/(-18)?
9
Let f = -224 + 216. Let h(u) = -56*u - 91. What is the tens digit of h(f)?
5
Let w = -32 - -56. Suppose 8*k + w = -0*k. What is the units digit of (-12)/k*(-2)/(-4) + 46?
8
Let g(c) = c**3 - 2*c**2 - c - 15. Let q be g(0). Let i = q - -545. What is the units digit of i?
0
Let u(k) = k**3 - 3*k**2 - 6*k + 10. Let r be u(4). Suppose 0 = 3*w - 3*m - 1200, 964 - 160 = r*w - 4*m. What is the tens digit of w?
9
Let x be (-3)/(-6) - 3/(-2). Suppose -3*f + 216 = x*k, -5*k + 6*f + 521 = 4*f. Suppose 0 = -2*o + 5*l + 355 - k, 5*l - 270 = -2*o. What is the units digit of o?
0
Suppose 3*u - 4415 = -5*f, f + 9*u = -2*u + 935. What is the units digit of f?
0
Let l = 26609 - 2537. What is the ten thousands digit of l?
2
Suppose -61*k = -54*k - 77. Suppose -3*j = -c - 3, -j = -3*c - 3 + 2. What is the hundreds digit of k/(-33)*(-429)/j?
1
Suppose 0 = 2*c + 6*c - c. Let m be (21 - 14)/(c + -1). What is the units digit of (-60 + m + 4)*-1?
3
Suppose 0 = -19*h + 5*h + 8890. What is the tens digit of 0 + -1 + h + -2?
3
Let x = 238 + -246. What is the hundreds digit of (687 - 2) + 5*x/40?
6
Let n(j) = 1891*j**3 + 5*j**2 - 25*j + 22. What is the ten thousands digit of n(2)?
1
Suppose -33 = -4*u - 2*z - 5, 0 = u + 3*z - 17. Suppose -3*k + 468 = -387. Suppose u*y = k + 115. What is the units digit of y?
0
Let u(k) = 382*k**2 - 5*k + 4. Let g(p) = 763*p**2 - 11*p + 9. Let o(s) = -4*g(s) + 9*u(s). What is the hundreds digit of o(1)?
3
Let v(j) = 17*j**2 + 80*j - 75. What is the units digit of v(23)?
8
Let q(k) be the second derivative of -10*k**3/3 - 7*k**2/2 - k. Suppose -455 = 7*y - 427. What is the tens digit of q(y)?
7
Let y be (-4276)/(-28) - -3 - (-4)/14. Let i = -381 + y. Let v = i + 321. What is the tens digit of v?
9
Let z = -24 + 42. Let y = 22 - z. Suppose -g - 3*k = -4*g + 72, -y*k - 77 = -3*g. What is the units digit of g?
9
Suppose j - 4118 = -3*j - 5*g, 1028 = j + 2*g. Suppose 0 = 2*q - 2*d - 606, 4*q + 2*d - j = 162. Let p = -192 + q. What is the units digit of p?
8
Suppose -5*t = -0*t - 5*k + 1430, -4*t - 1147 = -k. Let o = t + 472. What is the hundreds digit of o?
1
Let w(u) = -482*u**2 + 4*u - 7. Let o(n) = 5*n + 8. Let c be o(-1). Let d be w(c). What is the hundreds digit of d/(-28) - (-2)/8 - -3?
1
Suppose -8515 = 32*f - 26371. Let w = 642 - f. What is the units digit of w?
4
Suppose 2*w - 3*w = 3*r - 287, 4*r = -2*w + 566. Let c = w + -76. What is the hundreds digit of c?
1
Suppose 0 = -4*f - 5*s + 100072, -3*s - 119588 + 44534 = -3*f. What is the units digit of f?
8
Let h be ((-12)/14)/(31/(-217)). What is the units digit of (-296)/(11/2 - h)?
2
Suppose -71 = -9*w - 17. Let b(q) = q**3 - 3*q**2 + 6*q - 17. What is the hundreds digit of b(w)?
1
Let r = -23486 - -37471. What is the units digit of r?
5
Let h = 9 - 4. Suppose 2*r = -3*t + 194, 7*r - 2*r + 161 = 2*t. Suppose -h*u + t = -157. What is the units digit of u?
5
Let g(o) = -5*o + 59. Let s be g(11). Suppose d = -s, 2*a = 7*a - d - 14. Suppose 548 = a*z - 0*z + 4*w, 2*z = 4*w + 588. What is the units digit of z?
4
Let p = 29 - 21. Let t be (-3)/(5 - -1) + 28/p. Suppose t*q - 290 + 86 = 0. What is the tens digit of q?
6
Let w(l) be the first derivative of 103*l**2/2 + 182*l + 16. What is the thousands digit of w(9)?
1
Let y(x) = -3*x**2 + x**2 + 4*x**2 - 16 - 18*x + 3*x. Let l be y(16). Suppose 27*d + l = 31*d. What is the tens digit of d?
6
Suppose -17*a + 49716 = 12741. What is the hundreds digit of a?
1
Suppose -695*p + 274*p + 809162 = 0. What is the units digit of p?
2
Let t be 2 - (-3)/3*418. Let s be (-2)/(-1 + 0 + t/428). What is the tens digit of s - 0 - (1 - 0)?
0
Let b be